{"id":25213,"date":"2022-12-11T18:15:41","date_gmt":"2022-12-11T17:15:41","guid":{"rendered":"https:\/\/pharmacima.dz\/?post_type=product&#038;p=25213"},"modified":"2023-07-16T22:49:46","modified_gmt":"2023-07-16T22:49:45","slug":"huile-prodigieuse-50ml-nuxe-2","status":"publish","type":"product","link":"https:\/\/pharmacima.com\/ar\/product\/huile-prodigieuse-50ml-nuxe-2\/","title":{"rendered":"\u0632\u064a\u062a \u0645\u0639\u062c\u0632\u0629 50 \u0645\u0644 \u0646\u0648\u0643\u0633"},"content":{"rendered":"<h2><strong>DESCRIPTION :<\/strong><\/h2>\n<p>l\u2019Huile Prodigieuse<sup>\u00ae<\/sup>\u00a0vous fait rayonner d\u2018un irr\u00e9sistible \u00e9clat satin\u00e9 sans fini gras gr\u00e2ce \u00e0 sa texture au toucher sec inimitable. Elle a aussi le don de r\u00e9v\u00e9ler votre sensualit\u00e9 gr\u00e2ce \u00e0 son parfum addictif de soleil et de sable chaud. Soin formul\u00e9 et fabriqu\u00e9 en France.<\/p>\n<p>Son efficacit\u00e9 est prouv\u00e9e :<br \/>\u2013 Une action protectrice anti-pollution d\u00e9montr\u00e9e par un test instrumental<sup>(1)<\/sup>.<br \/>\u2013 Elle att\u00e9nue l\u2019apparence des vergetures (scorage effectu\u00e9 par un dermatologue)<sup>(2)<\/sup>.<br \/>\u2013 La peau est hydrat\u00e9e pendant 8h<sup>(3)<\/sup>.<\/p>\n<p>Elle est plus douce pour 100%<sup>(4)<\/sup>\u00a0des femmes, nourrie et r\u00e9par\u00e9e pour 97%<sup>(4)<\/sup>\u00a0d\u2018entre elles. Les cheveux sont nourris, r\u00e9par\u00e9s et souples.<\/p>\n<h2><strong>CONSEIL D\u2019UTILISATION :<\/strong><\/h2>\n<p>Utilisez l\u2019Huile Prodigieuse<sup>\u00ae<\/sup>\u00a0toute l\u2019ann\u00e9e, hiver comme \u00e9t\u00e9, sur votre visage, votre corps et vos cheveux.<\/p>\n<p>Avant de l\u2019appliquer, chauffez l\u2019huile entre vos mains, puis placez les en coupe sous votre nez en inspirant pour profiter des bienfaits de son parfum sur votre esprit.<\/p>\n<ul>\n<li>Sur le visage, utilisez-la seule ou en m\u00e9langeant quelques gouttes dans le creux de la main avec votre cr\u00e8me NUXE. Etalez par mouvements de lissage du centre vers les contours du visage.<\/li>\n<li>Sur le corps, appliquez-la en mouvements circulaires (buste, jambes,\u2026) en insistant sur les zones les plus s\u00e8ches et\/ou sujettes aux vergetures.<\/li>\n<li>Sur les cheveux, appliquez sur les longueurs et les pointes aussi souvent que n\u00e9cessaire. Pour un effet soin intense, appliquez la 1 \u00e0 2 fois par semaine comme un masque sur l\u2019ensemble de la chevelure. Laissez poser pendant 10 minutes avant votre shampooing.<\/li>\n<\/ul>\n<h2><strong>COMPOSITION :\u00a0<\/strong><\/h2>\n<p>COCO-CAPRYLATE\/CAPRATE*, MACADAMIA INTEGRIFOLIA SEED OIL*, DICAPRYLYL ETHER*, CAPRYLIC\/CAPRIC TRIGLYCERIDE*, PRUNUS AMYGDALUS DULCIS (SWEET ALMOND) OIL*, CORYLUS AVELLANA (HAZELNUT) SEED OIL*, CAMELLIA OLEIFERA SEED OIL*, PARFUM\/FRAGRANCE, CAMELLIA JAPONICA SEED OIL*, TOCOPHEROL*, ARGANIA SPINOSA KERNEL OIL*, BORAGO OFFICINALIS SEED OIL*, TOCOPHERYL ACETATE, HELIANTHUS ANNUUS (SUNFLOWER) SEED OIL*, ROSMARINUS OFFICINALIS (ROSEMARY) LEAF EXTRACT*, POLYGLYCERYL-3 DIISOSTEARATE*, ASCORBIC ACID*, SOLANUM LYCOPERSICUM (TOMATO) FRUIT EXTRACT*, LINALOOL, LIMONENE, CITRONELLOL, GERANIOL [N2212\/B].<\/p>\n","protected":false},"excerpt":{"rendered":"<h2><span style=\"color: #ff9900\" data-mce-style=\"color: #ff9900;\"><strong>\u064a\u063a\u0630\u064a\u060c \u0648\u064a\u0635\u0644\u062d\u060c \u0648\u0633\u0627\u0645\u064a\u0629.<\/strong><\/span><\/h2>\n<h3><strong>\u0627\u0644\u0633\u0639\u0629: 50 \u0645\u0644<\/strong><\/h3>","protected":false},"featured_media":25189,"comment_status":"open","ping_status":"closed","template":"","meta":{"_acf_changed":false},"product_brand":[],"product_cat":[102,138,139,137],"product_tag":[755,767,782,847,785,793,803,1144,936],"class_list":{"0":"post-25213","1":"product","2":"type-product","3":"status-publish","4":"has-post-thumbnail","6":"product_cat-soin-et-bien-etre","7":"product_cat-cheveux_","8":"product_cat-corps_","9":"product_cat-visage","10":"product_tag-Antipollution","11":"product_tag-AntiVergetures","12":"product_tag-Eclaircissant","13":"product_tag-Huile","14":"product_tag-Hydratant","15":"product_tag-Nourrissant","16":"product_tag-Reparateur","17":"product_tag-Toustypesdecheveux","18":"product_tag-TousTypesDePeaux","20":"first","21":"outofstock","22":"taxable","23":"shipping-taxable","24":"purchasable","25":"product-type-simple"},"acf":[],"_links":{"self":[{"href":"https:\/\/pharmacima.com\/ar\/wp-json\/wp\/v2\/product\/25213","targetHints":{"allow":["GET"]}}],"collection":[{"href":"https:\/\/pharmacima.com\/ar\/wp-json\/wp\/v2\/product"}],"about":[{"href":"https:\/\/pharmacima.com\/ar\/wp-json\/wp\/v2\/types\/product"}],"replies":[{"embeddable":true,"href":"https:\/\/pharmacima.com\/ar\/wp-json\/wp\/v2\/comments?post=25213"}],"wp:featuredmedia":[{"embeddable":true,"href":"https:\/\/pharmacima.com\/ar\/wp-json\/wp\/v2\/media\/25189"}],"wp:attachment":[{"href":"https:\/\/pharmacima.com\/ar\/wp-json\/wp\/v2\/media?parent=25213"}],"wp:term":[{"taxonomy":"product_brand","embeddable":true,"href":"https:\/\/pharmacima.com\/ar\/wp-json\/wp\/v2\/product_brand?post=25213"},{"taxonomy":"product_cat","embeddable":true,"href":"https:\/\/pharmacima.com\/ar\/wp-json\/wp\/v2\/product_cat?post=25213"},{"taxonomy":"product_tag","embeddable":true,"href":"https:\/\/pharmacima.com\/ar\/wp-json\/wp\/v2\/product_tag?post=25213"}],"curies":[{"name":"wp","href":"https:\/\/api.w.org\/{rel}","templated":true}]}}

زيت معجزة 50 مل نوكس

<h2><strong>DESCRIPTION :</strong></h2>
<p>l’Huile Prodigieuse<sup>®</sup> vous fait rayonner d‘un irrésistible éclat satiné sans fini gras grâce à sa texture au toucher sec inimitable. Elle a aussi le don de révéler votre sensualité grâce à son parfum addictif de soleil et de sable chaud. Soin formulé et fabriqué en France.</p>
<p>Son efficacité est prouvée :<br />– Une action protectrice anti-pollution démontrée par un test instrumental<sup>(1)</sup>.<br />– Elle atténue l’apparence des vergetures (scorage effectué par un dermatologue)<sup>(2)</sup>.<br />– La peau est hydratée pendant 8h<sup>(3)</sup>.</p>
<p>Elle est plus douce pour 100%<sup>(4)</sup> des femmes, nourrie et réparée pour 97%<sup>(4)</sup> d‘entre elles. Les cheveux sont nourris, réparés et souples.</p>
<h2><strong>CONSEIL D’UTILISATION :</strong></h2>
<p>Utilisez l’Huile Prodigieuse<sup>®</sup> toute l’année, hiver comme été, sur votre visage, votre corps et vos cheveux.</p>
<p>Avant de l’appliquer, chauffez l’huile entre vos mains, puis placez les en coupe sous votre nez en inspirant pour profiter des bienfaits de son parfum sur votre esprit.</p>
<ul>
<li>Sur le visage, utilisez-la seule ou en mélangeant quelques gouttes dans le creux de la main avec votre crème NUXE. Etalez par mouvements de lissage du centre vers les contours du visage.</li>
<li>Sur le corps, appliquez-la en mouvements circulaires (buste, jambes,…) en insistant sur les zones les plus sèches et/ou sujettes aux vergetures.</li>
<li>Sur les cheveux, appliquez sur les longueurs et les pointes aussi souvent que nécessaire. Pour un effet soin intense, appliquez la 1 à 2 fois par semaine comme un masque sur l’ensemble de la chevelure. Laissez poser pendant 10 minutes avant votre shampooing.</li>
</ul>
<h2><strong>COMPOSITION : </strong></h2>
<p>COCO-CAPRYLATE/CAPRATE*, MACADAMIA INTEGRIFOLIA SEED OIL*, DICAPRYLYL ETHER*, CAPRYLIC/CAPRIC TRIGLYCERIDE*, PRUNUS AMYGDALUS DULCIS (SWEET ALMOND) OIL*, CORYLUS AVELLANA (HAZELNUT) SEED OIL*, CAMELLIA OLEIFERA SEED OIL*, PARFUM/FRAGRANCE, CAMELLIA JAPONICA SEED OIL*, TOCOPHEROL*, ARGANIA SPINOSA KERNEL OIL*, BORAGO OFFICINALIS SEED OIL*, TOCOPHERYL ACETATE, HELIANTHUS ANNUUS (SUNFLOWER) SEED OIL*, ROSMARINUS OFFICINALIS (ROSEMARY) LEAF EXTRACT*, POLYGLYCERYL-3 DIISOSTEARATE*, ASCORBIC ACID*, SOLANUM LYCOPERSICUM (TOMATO) FRUIT EXTRACT*, LINALOOL, LIMONENE, CITRONELLOL, GERANIOL [N2212/B].</p>

<h2><span style="color: #ff9900" data-mce-style="color: #ff9900;"><strong>يغذي، ويصلح، وسامية.</strong></span></h2>
<h3><strong>السعة: 50 مل</strong></h3>
